{"id":2,"date":"2019-03-31T13:57:25","date_gmt":"2019-03-31T11:57:25","guid":{"rendered":"http:\/\/wordpress.brunski.de\/wordpress?page_id=2"},"modified":"2024-01-03T20:41:29","modified_gmt":"2024-01-03T19:41:29","slug":"startseite","status":"publish","type":"page","link":"http:\/\/wordpress.brunski.de\/wordpress\/","title":{"rendered":""},"content":{"rendered":"<p align=\"center\">Es freut mich sehr, Sie im mittlerweile <strong>23. Jahr<\/strong> (!) auf meiner Homepage begr\u00fc\u00dfen zu d\u00fcrfen!<\/p>\n<p align=\"center\">Anfangs war diese Seite eine Plattform, um mit Klassenkameraden Schularbeiten auszutauschen. Heute dient meine Homepage dazu, mich kurz vorzustellen, sowie Business und mein Netzwerk zu unterst\u00fctzen. Ferner blogge ich gelegentlich \u00fcber die Finanzwelt und die Politik, meist mit einer ironischen Note versehen. Ich bedanke mich bei \u00fcber 38.000 Besuchern in diesem Zeitraum!<\/p>\n<p><img loading=\"lazy\" decoding=\"async\" class=\"wp-image-269 size-medium aligncenter\" src=\"http:\/\/wordpress.brunski.de\/wordpress\/wp-content\/uploads\/2024\/01\/SA704622-300x200.jpg\" alt=\"\" width=\"300\" height=\"200\" srcset=\"http:\/\/wordpress.brunski.de\/wordpress\/wp-content\/uploads\/2024\/01\/SA704622-300x200.jpg 300w, http:\/\/wordpress.brunski.de\/wordpress\/wp-content\/uploads\/2024\/01\/SA704622-1024x683.jpg 1024w, http:\/\/wordpress.brunski.de\/wordpress\/wp-content\/uploads\/2024\/01\/SA704622-768x512.jpg 768w, http:\/\/wordpress.brunski.de\/wordpress\/wp-content\/uploads\/2024\/01\/SA704622-1536x1024.jpg 1536w, http:\/\/wordpress.brunski.de\/wordpress\/wp-content\/uploads\/2024\/01\/SA704622-100x67.jpg 100w, http:\/\/wordpress.brunski.de\/wordpress\/wp-content\/uploads\/2024\/01\/SA704622-150x100.jpg 150w, http:\/\/wordpress.brunski.de\/wordpress\/wp-content\/uploads\/2024\/01\/SA704622-200x133.jpg 200w, http:\/\/wordpress.brunski.de\/wordpress\/wp-content\/uploads\/2024\/01\/SA704622-450x300.jpg 450w, http:\/\/wordpress.brunski.de\/wordpress\/wp-content\/uploads\/2024\/01\/SA704622-600x400.jpg 600w, http:\/\/wordpress.brunski.de\/wordpress\/wp-content\/uploads\/2024\/01\/SA704622-900x600.jpg 900w, http:\/\/wordpress.brunski.de\/wordpress\/wp-content\/uploads\/2024\/01\/SA704622.jpg 1600w\" sizes=\"auto, (max-width: 300px) 100vw, 300px\" \/><\/p>\n<p style=\"text-align: center;\">Viel Spa\u00df auf den folgenden Seiten.<\/p>\n<p style=\"text-align: center;\"><strong>Markus Brunner<\/strong><\/p>\n<p style=\"text-align: center;\"><style>\r\n\r\n#wpsm_counter_b_row_137 .wpsm_counterbox\r\n{\r\n\ttext-align:center;\r\n\tmargin-top:50px;\r\n\tmargin-bottom:50px;\r\n}\r\n#wpsm_counter_b_row_137 .wpsm_counterbox .wpsm_count-icon{\r\n\tdisplay:block;\r\n\tmargin-top:20px;\r\n\tpadding-top:0px;\r\n\tpadding-bottom:0px;\r\n\tmargin-bottom:0px;\r\n\tmargin:0 auto;\r\n}\r\n#wpsm_counter_b_row_137 .wpsm_counterbox .wpsm_count-icon i{\r\n\tfont-size:50px;\r\n\tcolor:#000000;\r\n}\r\n#wpsm_counter_b_row_137 .wpsm_counterbox .wpsm_number{\r\n\tfont-size:30px;\r\n\tfont-weight:400;\r\n\tcolor:#000000;\r\n\tfont-family:'Times New Roman';\r\n\tletter-spacing:2px;\r\n\tmargin-top:20px;\r\n\tline-height: 1.3em;\r\n\tpadding-top:0px;\r\n\tpadding-bottom:0px;\r\n\tmargin-bottom:0px;\r\n}\r\n#wpsm_counter_b_row_137 .wpsm_counterbox .wpsm_count-title{\r\n    font-size:20px;\r\n\tfont-weight:bolder;\r\n\tfont-family:'Times New Roman';\r\n\tletter-spacing:2px;\r\n    color: #000000;\r\n\tfont-weight:400;\r\n\tmargin-top:20px;\r\n\tpadding-top:0px;\r\n\tpadding-bottom:0px;\r\n\tmargin-bottom:0px;\r\n\tline-height: 1.3em;\r\n}\r\n\r\n<\/style> \r\n\t\t \r\n\t\t\r\n\t\t<style>\r\n\t\t#wpsm_counter_b_row_137\t\t\t{\r\n\t\t\t\t\r\n\t\t\t\tposition:relative;\r\n\t\t\t\twidth:100%;\r\n\t\t\t\toverflow:hidden;\r\n\t\t\t\ttext-align:center;\r\n\t\t\t}\r\n\t\t\t \r\n\t\t\t#wpsm_counter_b_row_137 .wpsm_row{\r\n\t\t\toverflow:hidden;\r\n\t\t\tdisplay:block;\r\n\t\t\twidth:100%;\r\n\t\t\t} \r\n\t\t\t \r\n\t\t\t#wpsm_counter_b_row_137 .wpsm_row{\r\n\t\t\toverflow:visible;\r\n\t\t\t} \r\n\t\t\t \r\n\t\t\t#wpsm_counter_b_row_137 .wpsm_counterbox .wpsm_count-title{\r\n\t\t\tmin-height:56px;\r\n\t\t\t}}\r\n\t\t\t \r\n\t\t<\/style>\r\n\t\t\r\n\t\t<div class=\"wpsm_counter_b_row\" id=\"wpsm_counter_b_row_137\">\r\n\t\t\t<div>\r\n\t\t\t\t<div class=\"wpsm_row\">\r\n\t\t\r\n\t\t\t\t\t\t<div class=\"wpsm_col-md-6 wpsm_col-sm-6\">\r\n\t\t\t\t\t<div class=\"wpsm_counterbox\">\r\n\t\t\t\t\t\t \r\n\t\t\t\t\t\t<div class=\"wpsm_count-icon\"><i #000000 class=\"fa fa-calendar\"><\/i><\/div>\r\n\t\t\t\t\t\t\t\t\t\t\t\t<div class=\"wpsm_number\" style=\"#000000\" >\r\n\t\t\t\t\t\t   <span class=\"counter\">23\t\t\t\t\t\t   <\/span>\r\n\t\t\t\t\t\t    \r\n\t\t\t\t\t    <\/div>\r\n\t\t\t\t\t\t<h3 class=\"wpsm_count-title\" #000000> Homepagejahre<\/h3>\r\n\t\t\t\t\t\t \r\n\t\t\t\t\t<\/div>\r\n\t\t\t\t<\/div>\r\n\t\t\t\t\t\t\t\t\t<div class=\"wpsm_col-md-6 wpsm_col-sm-6\">\r\n\t\t\t\t\t<div class=\"wpsm_counterbox\">\r\n\t\t\t\t\t\t \r\n\t\t\t\t\t\t<div class=\"wpsm_count-icon\"><i #000000 class=\"fa fa-area-chart\"><\/i><\/div>\r\n\t\t\t\t\t\t\t\t\t\t\t\t<div class=\"wpsm_number\" style=\"#000000\" >\r\n\t\t\t\t\t\t   <span class=\"counter\">38000\t\t\t\t\t\t   <\/span>\r\n\t\t\t\t\t\t    \r\n\t\t\t\t\t    <\/div>\r\n\t\t\t\t\t\t<h3 class=\"wpsm_count-title\" #000000> Besucher seit 2001<\/h3>\r\n\t\t\t\t\t\t \r\n\t\t\t\t\t<\/div>\r\n\t\t\t\t<\/div>\r\n\t\t\t\t\t\t<\/div>\r\n\t\t\t<div class=\"wpsm_row\">\r\n\t\t\t\t\t\t\r\n\t\t\t<\/div>\t\t\t\t<\/div>\r\n\t\t<\/div>\r\n\t\t\r\n\t<\/p>\n","protected":false},"excerpt":{"rendered":"<p>Es freut mich sehr, Sie im mittlerweile 23. Jahr (!) auf meiner Homepage begr\u00fc\u00dfen zu d\u00fcrfen! Anfangs war diese Seite eine Plattform, um mit Klassenkameraden Schularbeiten auszutauschen. Heute dient meine Homepage dazu, mich kurz vorzustellen, sowie Business und mein Netzwerk &hellip;<\/p>\n<p class=\"read-more\"> <a class=\"more-link\" href=\"http:\/\/wordpress.brunski.de\/wordpress\/?p=137\"> <span class=\"screen-reader-text\">Statistik<\/span> Weiterlesen &raquo;<\/a><\/p>\n","protected":false},"author":1,"featured_media":0,"parent":0,"menu_order":0,"comment_status":"closed","ping_status":"closed","template":"","meta":{"footnotes":""},"class_list":["post-2","page","type-page","status-publish","hentry"],"jetpack_sharing_enabled":true,"_links":{"self":[{"href":"http:\/\/wordpress.brunski.de\/wordpress\/wp-json\/wp\/v2\/pages\/2","targetHints":{"allow":["GET"]}}],"collection":[{"href":"http:\/\/wordpress.brunski.de\/wordpress\/wp-json\/wp\/v2\/pages"}],"about":[{"href":"http:\/\/wordpress.brunski.de\/wordpress\/wp-json\/wp\/v2\/types\/page"}],"author":[{"embeddable":true,"href":"http:\/\/wordpress.brunski.de\/wordpress\/wp-json\/wp\/v2\/users\/1"}],"replies":[{"embeddable":true,"href":"http:\/\/wordpress.brunski.de\/wordpress\/wp-json\/wp\/v2\/comments?post=2"}],"version-history":[{"count":19,"href":"http:\/\/wordpress.brunski.de\/wordpress\/wp-json\/wp\/v2\/pages\/2\/revisions"}],"predecessor-version":[{"id":270,"href":"http:\/\/wordpress.brunski.de\/wordpress\/wp-json\/wp\/v2\/pages\/2\/revisions\/270"}],"wp:attachment":[{"href":"http:\/\/wordpress.brunski.de\/wordpress\/wp-json\/wp\/v2\/media?parent=2"}],"curies":[{"name":"wp","href":"https:\/\/api.w.org\/{rel}","templated":true}]}}